on factor of i and 82.
41
Let d = -21 + 29. Calculate the greatest common factor of d and 56.
8
Let p be (45/12)/((-1)/(-8)). Suppose 3*d + 55 + 5 = 3*n, -3*n - 4*d = -60. Calculate the greatest common factor of n and p.
10
Suppose -3*p + 52 = 4*u, -5*p + 26 + 18 = 4*u. Suppose -b = 5*s - 63, -b - 4*s = -0*b - 60. Calculate the greatest common divisor of u and b.
16
Suppose h - 2*n - 5 = 0, 4*n + 7 + 1 = 0. Let g(p) = p**3 + p**2 + 2. Let b be g(0). What is the highest common divisor of h and b?
1
Suppose -u = 4*u - 60. Suppose -a + 3*a = u. Calculate the highest common factor of 18 and a.
6
Let f be 71 + (1 - 2)/1. Suppose -f = -7*o + 2*o. Let h(d) = 6*d**3 - d**2 + 1. Let w be h(3). What is the greatest common divisor of w and o?
14
Let i = 14 + 98. Calculate the greatest common factor of i and 14.
14
Let f = 2 + -23. Let p = 25 + f. Calculate the highest common divisor of p and 12.
4
Suppose -3*z = 28 - 130. Calculate the greatest common divisor of z and 17.
17
Let h = 66 + -92. Let z(x) = -8*x. Let s be z(-2). Let m = s - h. Calculate the highest common divisor of 6 and m.
6
Suppose 5*t = -3*m + 50, -2*t - 5*m + 11 = -9. Let j be (-352)/(-24) + (-1)/(-3). Calculate the highest common factor of j and t.
5
Suppose 16*g + 51 = 17*g. Calculate the greatest common divisor of g and 459.
51
Let n be (-4)/6 - 8/(-3). Let p(h) = h - 7. Let r be p(4). Let x = r + 9. What is the greatest common divisor of n and x?
2
Let g(y) = y**3 + 9*y**2 + 4*y - 18. Let c be g(-8). What is the greatest common divisor of 8 and c?
2
Let y be 1 - (-3 + 0 + -84). What is the greatest common divisor of 11 and y?
11
Suppose -19 + 189 = 5*z. Suppose -3*u + 6*u = -i + 26, -4*i + z = -2*u. Calculate the greatest common factor of i and 121.
11
Let k(w) = 7*w**2 + w + 2. Suppose -3*b + 2 = -1. Suppose -1 = z + b. Let d be k(z). What is the greatest common factor of 42 and d?
14
Suppose -f + 4*n - 31 = -82, 48 = f - 3*n. Calculate the greatest common factor of f and 312.
39
Let n(p) = 5*p - 1. Let h be n(1). Let q be (-3)/12 + 105/h. Calculate the greatest common factor of q and 26.
26
Let q = 11 + 1. Let s = -18 + 19. Suppose -s = -5*g + 14. What is the highest common factor of q and g?
3
Let w(i) = -i**3 - 2*i**2 - 9*i - 4. Let t be w(-3). What is the greatest common divisor of 4 and t?
4
Let u = -34 - -47. Suppose -41 + u = -v. Let j be (2/4)/(1/8). What is the greatest common factor of j and v?
4
Let l(c) = -c + 1. Let m be l(-2). Suppose 4*h + 3*i = 495, 621 = 5*h - 0*i + m*i. What is the highest common factor of 14 and h?
14
Suppose 8 = -4*c + 148. What is the highest common factor of c and 14?
7
Let r = 47 + -20. What is the greatest common divisor of 27 and r?
27
Suppose 14 = c + 5*l - 1, -3*l + 9 = -4*c. Suppose -2*t + c = -10. Calculate the highest common factor of t and 1.
1
Suppose 0 = -h - 0*o + 2*o - 17, -2*o = -2*h - 26. Suppose -c + 2*x + 27 = -2*x, 0 = -3*x - 6. Let g = h + c. What is the highest common divisor of 80 and g?
10
Let j = 74 - 40. Suppose 145 + 110 = 3*l. Calculate the highest common factor of l and j.
17
Suppose -2*s - 2 = -4*s - 2*d, -5*s = 3*d + 3. Let f = -2 - s. What is the greatest common divisor of f and 11?
1
Let j(t) = -t + 10. Let r be j(8). Suppose -q + 168 = 5*h, r*q = 5*h - 0*q - 159. Calculate the greatest common divisor of h and 22.
11
Let w be 56/6*(9 - 3). Let p(b) = b**3 - 10*b**2 + 2*b - 13. Let y be p(10). Calculate the greatest common factor of w and y.
7
Let n = 2 + 6. Suppose 3*m + 3 = 0, 3*m + 34 = 3*i - m. Let f be 15/i*(-4)/(-3). Calculate the highest common divisor of n and f.
2
Suppose 4*i - 3*z + 16 = 0, -2*i + 3*i - 3 = -z. Let g be (i/(-1) + -3)*-2. What is the greatest common factor of g and 4?
4
Let c = 125 + -115. Calculate the greatest common divisor of c and 130.
10
Let m be (-73)/(-5) + ((-20)/25)/(-2). Calculate the highest common factor of m and 120.
15
Suppose -6 + 30 = 4*o. Let q be -4 + 1 + 1 + o. Suppose 9 = b - 3. What is the highest common factor of b and q?
4
Let g = 11 - 6. Suppose 0*c - 2*c = -3*k + 104, 190 = g*k + 5*c. What is the highest common divisor of k and 9?
9
Let i(t) = -2*t + 3. Let z be 4/12 + 38/(-6). Let w be i(z). Let s = 1 - -14. What is the greatest common factor of w and s?
15
Let v(u) = u**3 + 20*u**2 - 44*u + 4. Let k be v(-22). What is the highest common divisor of 20 and k?
4
Let r(k) = k**2 + 8*k - 2. Let l(t) = 3*t - t + 2 + t - t. Let a be l(-6). Let y be r(a). Calculate the highest common divisor of y and 2.
2
Let r = -3 - -7. Suppose 0*f + 56 = r*f. Let g(a) = 74*a - 142. Let h be g(4). What is the highest common divisor of f and h?
14
Let f(s) = 2*s**2 - 16*s + 15. Let k(a) = 3*a**2 - a + 1. Let h be k(2). Let z be f(h). What is the greatest common factor of z and 9?
9
Let v = -4 - -16. Let q(k) = -k**3 - 7*k**2 - 10*k - 12. Let n be q(-8). Calculate the greatest common factor of v and n.
12
Let d = -120 + 128. What is the highest common divisor of 12 and d?
4
Let c = 2 + 4. Let t be (-17)/(-2) + (-3)/c. Let v be (-36)/(-16) + -2 + (-190)/(-8). What is the greatest common factor of t and v?
8
Let h be (-2)/7*(6 + -27). What is the highest common factor of h and 6?
6
Suppose 4*s = -4*i + 340, -2*s - 12 = -2. Suppose x - 6*x + i = 0. Calculate the greatest common divisor of x and 126.
18
Let l = -187 - -367. Calculate the greatest common divisor of 45 and l.
45
Suppose 5*j = -n + 255, -3*j + 151 = n - 0*n. What is the greatest common divisor of j and 13?
13
Suppose 4*p - 2*p = -18. Let a(l) = -1. Let r(d) = d + 8. Let k(j) = -21*a(j) - 3*r(j). Let z be k(p). Calculate the highest common factor of z and 3.
3
Suppose 0*l - 504 = -3*l. Let t = l - 112. What is the greatest common divisor of 140 and t?
28
Suppose 10*d = 83 + 277. Calculate the greatest common factor of d and 9.
9
Suppose 134 = j + 2. Suppose r + 2*r = j. What is the greatest common divisor of 110 and r?
22
Suppose 17*z = 16*z - 189. Let u = 306 + z. What is the highest common divisor of u and 13?
13
Suppose 3*s + 4*b = 37, 4*s - 4*b - 5 = s. Suppose 0 = -3*c + s*c - 72. What is the highest common divisor of c and 27?
9
Let d = -5 - -5. Suppose -o + d*o = -112. Calculate the greatest common divisor of o and 14.
14
Let p(g) = -3 + 13 - 27*g**3 - 10 + g**2. Let m be 2/((-7)/(21/6)). Let o be p(m). What is the highest common factor of 4 and o?
4
Let t(p) = 39*p**2 + 4*p - 1. Let a(y) = -118*y**2 - 13*y + 4. Let u(z) = 2*a(z) + 7*t(z). Let d be u(-1). What is the highest common divisor of d and 12?
12
Let b(n) = n**3 - n**2 - 1. Let v be b(2). Let t be (1 - -1)*(-30)/(-4). What is the highest common factor of v and t?
3
Let h = -19 - -34. Suppose r = -2*w + 8 + 22, r = 3*w + 30. Calculate the highest common divisor of r and h.
15
Let c(h) = -h**3 - 14*h**2 + h + 18. Let n be c(-14). Suppose -g + 112 = 3*g. What is the greatest common factor of g and n?
4
Suppose 215 = 5*i - 0*i. Calculate the highest common divisor of 129 and i.
43
Suppose -3*y + 28 = -23. Let z = -10 + y. Calculate the greatest common factor of 63 and z.
7
Let b be 4/(-6) - 17/(-3). Let n = -46 - -81. What is the greatest common divisor of n and b?
5
Let h be (8 + -2)/(6/16). Suppose -h = 6*o - 7*o. Calculate the highest common divisor of o and 4.
4
Let s = -73 + 21. Let l = -17 - s. Calculate the greatest common divisor of 5 and l.
5
Suppose 0 = 2*z - l - 20 - 43, -4*z + 3*l + 121 = 0. Suppose -3*s + z + 20 = 0. Calculate the greatest common divisor of s and 6.
6
Let q(s) = s**2 + 15*s - 20. Let x be q(10). Let n = 50 - 27. Calculate the highest common divisor of x and n.
23
Let d(t) = -9*t + 4*t**2 - 5*t**2 - 7 + 2*t**2. Let j be d(12). Calculate the greatest common factor of j and 203.
29
Suppose -1 = r - 21. Let m = 20 + -13. Suppose -m = -k + 23. Calculate the greatest common divisor of r and k.
10
Let k(f) = 3*f**2 - 10*f + 12. Let w be k(6). What is the greatest common factor of w and 24?
12
Suppose -5*h + 1280 = -a - 4*a, -5*a = -2*h + 500. Suppose -92 = -f + 3*v, -f + 5*v + h = 2*f. Calculate the highest common divisor of 10 and f.
10
Suppose -6*v + 2*v = 3620. Let c = -425 - v. Suppose 2*p = -2*s + 240, -4*s + 0*s + c = -3*p. Calculate the greatest common factor of 48 and s.
24
Let n = 59 + -40. Calculate the highest common divisor o